hundred millions digit of 564959923?
5
What is the hundred thousands digit of 247504022?
5
What is the ten thousands digit of 299132258?
3
What is the hundred thousands digit of 222255577?
2
What is the millions digit of 40864259?
0
What is the hundred thousands digit of 380766820?
7
What is the ten thousands digit of 14728640?
2
What is the tens digit of 104626406?
0
What is the hundred thousands digit of 189779513?
7
What is the tens digit of 888472115?
1
What is the hundred millions digit of 218006772?
2
What is the ten millions digit of 78505202?
7
What is the ten thousands digit of 30628777?
2
What is the hundreds digit of 248775811?
8
What is the hundred thousands digit of 102700751?
7
What is the units digit of 134491550?
0
What is the hundred millions digit of 111133403?
1
What is the units digit of 910901912?
2
What is the tens digit of 1067454329?
2
What is the millions digit of 1660297837?
0
What is the ten thousands digit of 848416073?
1
What is the millions digit of 3132849?
3
What is the ten thousands digit of 309963736?
6
What is the tens digit of 37904289?
8
What is the ten thousands digit of 4320366?
2
What is the hundred thousands digit of 54658856?
6
What is the tens digit of 18244818?
1
What is the hundred millions digit of 7161675434?
1
What is the hundred thousands digit of 537888338?
8
What is the ten millions digit of 1025457334?
2
What is the thousands digit of 4058741626?
1
What is the hundred millions digit of 2454444463?
4
What is the tens digit of 2620499826?
2
What is the hundreds digit of 115774054?
0
What is the hundreds digit of 1269730490?
4
What is the hundreds digit of 1011372965?
9
What is the hundred thousands digit of 40103295?
1
What is the ten millions digit of 167249910?
6
What is the ten millions digit of 25980000?
2
What is the ten millions digit of 261357131?
6
What is the hundred thousands digit of 3852155?
8
What is the thousands digit of 58342071?
2
What is the millions digit of 217179822?
7
What is the tens digit of 303603916?
1
What is the units digit of 215434613?
3
What is the hundred thousands digit of 505911280?
9
What is the hundreds digit of 542773968?
9
What is the hundreds digit of 65790736?
7
What is the millions digit of 82438456?
2
What is the ten thousands digit of 427364113?
6
What is the hundreds digit of 2555806048?
0
What is the ten thousands digit of 1539080304?
8
What is the ten millions digit of 750758420?
5
What is the thousands digit of 56277712?
7
What is the hundred millions digit of 254028503?
2
What is the ten thousands digit of 885254047?
5
What is the hundred thousands digit of 4106746609?
7
What is the ten thousands digit of 2836978473?
7
What is the billions digit of 1913801739?
1
What is the hundreds digit of 171084817?
8
What is the hundred millions digit of 1722915803?
7
What is the thousands digit of 629360586?
0
What is the ten thousands digit of 28895023?
9
What is the ten millions digit of 4002587492?
0
What is the tens digit of 242255849?
4
What is the hundred thousands digit of 308386840?
3
What is the thousands digit of 206903200?
3
What is the ten millions digit of 154583237?
5
What is the hundred thousands digit of 78478489?
4
What is the thousands digit of 118964073?
4
What is the tens digit of 481641398?
9
What is the thousands digit of 1458432571?
2
What is the ten thousands digit of 791445119?
4
What is the hundred thousands digit of 1446554337?
5
What is the thousands digit of 40324895?
4
What is the tens digit of 189114924?
2
What is the units digit of 4383169?
9
What is the thousands digit of 10096544?
6
What is the hundred millions digit of 259982017?
2
What is the hundred thousands digit of 1733414?
7
What is the hundred thousands digit of 391113735?
1
What is the tens digit of 140284993?
9
What is the thousands digit of 829818378?
8
What is the hundreds digit of 5696918283?
2
What is the thousands digit of 32507060?
7
What is the tens digit of 73011742?
4
What is the ten millions digit of 169183194?
6
What is the hundred thousands digit of 858721919?
7
What is the ten thousands digit of 46018863?
1
What is the millions digit of 14466309?
4
What is the ten thousands digit of 171551647?
5
What is the ten thousands digit of 137725768?
2
What is the hundred thousands digit of 91158734?
1
What is the hundred thousands digit of 299916422?
9
What is the millions digit of 45834283?
5
What is the ten thousands digit of 2366971503?
7
What is the millions digit of 267333789?
7
What is the thousands digit of 142265095?
5
What is the hundred millions digit of 354710479?
3
What is the thousands digit of 7424506843?
6
What is the hundreds digit of 134970363?
3
What is the units digit of 93745892?
2
What is the tens digit of 48148917?
1
What is the ten millions digit of 234608577?
3
What is the units digit of 262752950?
0
What is the hundreds digit of 142238598?
5
What is the hundreds digit of 91678827?
8
What is the tens digit of 2962105793?
9
What is the units digit of 9701064?
4
What is the hundred millions digit of 222754986?
2
What is the billions digit of 2054836280?
2
What is the millions digit of 25762441?
5
What is the hundred thousands digit of 64694601?
6
What is the thousands digit of 985634740?
4
What is the ten millions digit of 1616617110?
1
What is the hundred millions digit of 383081679?
3
What is the hundred millions digit of 2224442322?
2
What is the tens digit of 789372304?
0
What is the ten millions digit of 765831913?
6
What is the ten millions digit of 1162645063?
6
What is the hundreds digit of 2687363222?
2
What is the millions digit of 1895633684?
5
What is the hundred thousands digit of 402085709?
0
What is the hundreds digit of 15125689?
6
What is the tens digit of 1852692670?
7
What is the ten millions digit of 52837307?
5
What is the units digit of 1880572954?
4
What is the hundred millions digit of 1931523558?
9
What is the hundred thousands digit of 321764040?
7
What is the hundred thousands digit of 249968874?
9
What is the hundreds digit of 196589272?
2
What is the units digit of 107798533?
3
What is the tens digit of 65757465?
6
What is the tens digit of 16703617?
1
What is the millions digit of 153918559?
3
What is the tens digit of 154794719?
1
What is the hundred millions digit of 1383414090?
3
What is the hundreds digit of 7873007173?
1
What is the millions digit of 591374202?
1
What is the millions digit of 2639303217?
9
What is the millions digit of 85093761?
5
What is the tens digit of 145341768?
6
What is the tens digit of 577473889?
8
What is the thousands digit of 22093976?
3
What is the tens digit of 31779088?
8
What is the hundred thousands digit of 691724479?
7
What is the ten millions digit of 806660437?
0
What is the tens digit of 6980344?
4
What is the thousands digit of 10856997?
6
What is the tens digit of 7902861?
6
What is the hundred millions digit of 367495221?
3
What is the ten thousands digit of 995730?
9
What is the hundreds digit of 80535500?
5
What is the thousands digit of 4688771474?
1
What is the millions digit of 22440308?
2
What is the hundred millions digit of 422189363?
4
What is the hundreds digit of 6275701043?
0
What is the tens digit of 38983211?
1
What is the tens digit of 114335577?
7
What is the millions digit of 1093483307?
3
What is the hundreds digit of 100178849?
8
What is the tens digit of 157211404?
0
What is the tens digit of 149688246?
4
What is the ten thousands digit of 590400846?
0
What is the ten thousands digit of 769913432?
1
What is the thousands digit of 59973715?
3
What is the tens digit of 123932801?
0
What is the tens digit of 139024940?
4
What is the units digit of 101741154?
4
What is the ten millions digit of 301850155?
0
What is the ten thousands digit of 10925437?
2
What is the units digit of 121937855?
5
What is the tens digit of 684074781?
8
What is the ten millions digit of 668722681?
6
What is the millions digit of 5646663154?
6
What is the hundred millions digit of 144724269?
1
What is the units digit of 2159890869?
9
What is the thousands digit of 1490242704?
2
What is the thousands digit of 31264726?
4
What is the units digit of 52683302?
2
What is the units digit of 12803655?
5
What is the millions digit of 1733602478?
3
What is the thousands digit 